{"id":172,"date":"2014-09-10T20:06:45","date_gmt":"2014-09-10T20:06:45","guid":{"rendered":"http:\/\/ensembleregards.com\/en\/?page_id=172"},"modified":"2015-02-09T00:50:59","modified_gmt":"2015-02-09T00:50:59","slug":"clement-carpentier","status":"publish","type":"page","link":"https:\/\/ensembleregards.com\/en\/ensemble\/musicians\/clement-carpentier\/","title":{"rendered":"Cl\u00e9ment Carpentier"},"content":{"rendered":"<p><a href=\"https:\/\/ensembleregards.com\/wp-content\/uploads\/2014\/09\/Clement-Carpentier.jpg\"><img loading=\"lazy\" class=\"size-medium wp-image-170 alignleft\" src=\"https:\/\/ensembleregards.com\/wp-content\/uploads\/2014\/09\/Clement-Carpentier-300x210.jpg\" alt=\"Clement Carpentier\" width=\"300\" height=\"210\" srcset=\"https:\/\/ensembleregards.com\/wp-content\/uploads\/2014\/09\/Clement-Carpentier-300x210.jpg 300w, https:\/\/ensembleregards.com\/wp-content\/uploads\/2014\/09\/Clement-Carpentier-1024x719.jpg 1024w, https:\/\/ensembleregards.com\/wp-content\/uploads\/2014\/09\/Clement-Carpentier-400x280.jpg 400w, https:\/\/ensembleregards.com\/wp-content\/uploads\/2014\/09\/Clement-Carpentier-900x632.jpg 900w, https:\/\/ensembleregards.com\/wp-content\/uploads\/2014\/09\/Clement-Carpentier.jpg 1519w\" sizes=\"(max-width: 300px) 100vw, 300px\" \/><\/a><\/p>\n<p>N\u00e9 en 1989, Cl\u00e9ment Carpentier est depuis 2013 professeur de trombone et de classe d&#8217;orchestre au Conservatoire \u00e0 Rayonnement R\u00e9gional de Caen ainsi que trombone solo de l&#8217;Orchestre de Caen. Apr\u00e8s avoir \u00e9tudi\u00e9 aux conservatoires de Lille et Boulogne-Billancourt, il entre \u00e0 17 ans au CNSMD de Paris dans la classe de Gilles Milli\u00e8re, o\u00f9 il obtient son master de trombone en juin 2012.<\/p>\n<p>En 2008, il int\u00e8gre le cycle sup\u00e9rieur d&#8217;\u00e9criture, obtient les prix d&#8217;harmonie et de contrepoint et d\u00e9bute l&#8217;apprentissage de la direction d&#8217;orchestre avec Philippe Ferro. Il se perfectionne ensuite avec Jean-S\u00e9bastien B\u00e9reau et poursuit actuellement ses \u00e9tudes au sein de la Formation Dipl\u00f4mante au Certificat d&#8217;Aptitude au CNSMD de Paris.<\/p>\n<p>Musicien \u00e9clectique et curieux, Cl\u00e9ment Carpentier multiplie les projets vari\u00e9s et les rencontres entre artistes venus de diff\u00e9rents horizons. Il a donc cr\u00e9\u00e9 l&#8217;ensemble De Profundis qu&#8217;il dirige depuis 2010 et collabore r\u00e9guli\u00e8rement avec des compositeurs tels que Vincent Troll\u00e9, dont la cr\u00e9ation de Floricatio Vocis pour trombone et dispositif \u00e9lectroacoustique s&#8217;est tenue \u00e0 l&#8217;IRCAM en mars 2011 et a particip\u00e9 \u00e0 l&#8217;int\u00e9grale des Sequenza de Luciano Berio en d\u00e9cembre 2013 \u00e0 la Cit\u00e9 de la Musique.<\/p>\n<p>Cl\u00e9ment Carpentier est laur\u00e9at de diff\u00e9rents organismes tels que la fondation M\u00e9c\u00e9nat Musical Soci\u00e9t\u00e9 G\u00e9n\u00e9rale en 2012 et le Centre International Nadia et Lili Boulanger pour l&#8217;ann\u00e9e 2015-2016, qui le r\u00e9compense pour son travail de recherche sur la Gazette des classes du conservatoire.<\/p>\n<p><a title=\"http:\/\/www.ensembledeprofundis.fr\/site_deprofundis\/DeProfundis\/ensemble\/direction.php\" href=\"http:\/\/www.ensembledeprofundis.fr\/site_deprofundis\/DeProfundis\/ensemble\/direction.php\" target=\"_blank\">http:\/\/www.ensembledeprofundis.fr\/site_deprofundis\/DeProfundis\/ensemble\/direction.php<\/a><\/p>","protected":false},"excerpt":{"rendered":"<p>N\u00e9 en 1989, Cl\u00e9ment Carpentier est depuis 2013 professeur de trombone et de classe d&#8217;orchestre au Conservatoire \u00e0 Rayonnement R\u00e9gional de Caen ainsi que trombone solo de l&#8217;Orchestre de Caen. Apr\u00e8s avoir \u00e9tudi\u00e9 aux conservatoires de Lille et Boulogne-Billancourt, il entre \u00e0 17 ans au CNSMD de Paris dans la classe de Gilles Milli\u00e8re, o\u00f9<\/p>\n<div><a class=\"btn-filled btn\" href=\"https:\/\/ensembleregards.com\/en\/ensemble\/musicians\/clement-carpentier\/\" title=\"Cl\u00e9ment Carpentier\">Read More<\/a><\/div>\n","protected":false},"author":5,"featured_media":0,"parent":34,"menu_order":21,"comment_status":"closed","ping_status":"closed","template":"","meta":{"om_disable_all_campaigns":false,"_monsterinsights_skip_tracking":false,"_monsterinsights_sitenote_active":false,"_monsterinsights_sitenote_note":"","_monsterinsights_sitenote_category":0},"aioseo_notices":[],"_links":{"self":[{"href":"https:\/\/ensembleregards.com\/en\/wp-json\/wp\/v2\/pages\/172"}],"collection":[{"href":"https:\/\/ensembleregards.com\/en\/wp-json\/wp\/v2\/pages"}],"about":[{"href":"https:\/\/ensembleregards.com\/en\/wp-json\/wp\/v2\/types\/page"}],"author":[{"embeddable":true,"href":"https:\/\/ensembleregards.com\/en\/wp-json\/wp\/v2\/users\/5"}],"replies":[{"embeddable":true,"href":"https:\/\/ensembleregards.com\/en\/wp-json\/wp\/v2\/comments?post=172"}],"version-history":[{"count":8,"href":"https:\/\/ensembleregards.com\/en\/wp-json\/wp\/v2\/pages\/172\/revisions"}],"predecessor-version":[{"id":736,"href":"https:\/\/ensembleregards.com\/en\/wp-json\/wp\/v2\/pages\/172\/revisions\/736"}],"up":[{"embeddable":true,"href":"https:\/\/ensembleregards.com\/en\/wp-json\/wp\/v2\/pages\/34"}],"wp:attachment":[{"href":"https:\/\/ensembleregards.com\/en\/wp-json\/wp\/v2\/media?parent=172"}],"curies":[{"name":"wp","href":"https:\/\/api.w.org\/{rel}","templated":true}]}}

Clément Carpentier

<p><a href="https://ensembleregards.com/wp-content/uploads/2014/09/Clement-Carpentier.jpg"><img loading="lazy" class="size-medium wp-image-170 alignleft" src="https://ensembleregards.com/wp-content/uploads/2014/09/Clement-Carpentier-300x210.jpg" alt="Clement Carpentier" width="300" height="210" srcset="https://ensembleregards.com/wp-content/uploads/2014/09/Clement-Carpentier-300x210.jpg 300w, https://ensembleregards.com/wp-content/uploads/2014/09/Clement-Carpentier-1024x719.jpg 1024w, https://ensembleregards.com/wp-content/uploads/2014/09/Clement-Carpentier-400x280.jpg 400w, https://ensembleregards.com/wp-content/uploads/2014/09/Clement-Carpentier-900x632.jpg 900w, https://ensembleregards.com/wp-content/uploads/2014/09/Clement-Carpentier.jpg 1519w" sizes="(max-width: 300px) 100vw, 300px" /></a></p>
<p>Né en 1989, Clément Carpentier est depuis 2013 professeur de trombone et de classe d&#8217;orchestre au Conservatoire à Rayonnement Régional de Caen ainsi que trombone solo de l&#8217;Orchestre de Caen. Après avoir étudié aux conservatoires de Lille et Boulogne-Billancourt, il entre à 17 ans au CNSMD de Paris dans la classe de Gilles Millière, où il obtient son master de trombone en juin 2012.</p>
<p>En 2008, il intègre le cycle supérieur d&#8217;écriture, obtient les prix d&#8217;harmonie et de contrepoint et débute l&#8217;apprentissage de la direction d&#8217;orchestre avec Philippe Ferro. Il se perfectionne ensuite avec Jean-Sébastien Béreau et poursuit actuellement ses études au sein de la Formation Diplômante au Certificat d&#8217;Aptitude au CNSMD de Paris.</p>
<p>Musicien éclectique et curieux, Clément Carpentier multiplie les projets variés et les rencontres entre artistes venus de différents horizons. Il a donc créé l&#8217;ensemble De Profundis qu&#8217;il dirige depuis 2010 et collabore régulièrement avec des compositeurs tels que Vincent Trollé, dont la création de Floricatio Vocis pour trombone et dispositif électroacoustique s&#8217;est tenue à l&#8217;IRCAM en mars 2011 et a participé à l&#8217;intégrale des Sequenza de Luciano Berio en décembre 2013 à la Cité de la Musique.</p>
<p>Clément Carpentier est lauréat de différents organismes tels que la fondation Mécénat Musical Société Générale en 2012 et le Centre International Nadia et Lili Boulanger pour l&#8217;année 2015-2016, qui le récompense pour son travail de recherche sur la Gazette des classes du conservatoire.</p>
<p><a title="http://www.ensembledeprofundis.fr/site_deprofundis/DeProfundis/ensemble/direction.php" href="http://www.ensembledeprofundis.fr/site_deprofundis/DeProfundis/ensemble/direction.php" target="_blank">http://www.ensembledeprofundis.fr/site_deprofundis/DeProfundis/ensemble/direction.php</a></p>

<p>Né en 1989, Clément Carpentier est depuis 2013 professeur de trombone et de classe d&#8217;orchestre au Conservatoire à Rayonnement Régional de Caen ainsi que trombone solo de l&#8217;Orchestre de Caen. Après avoir étudié aux conservatoires de Lille et Boulogne-Billancourt, il entre à 17 ans au CNSMD de Paris dans la classe de Gilles Millière, où</p>
<div><a class="btn-filled btn" href="https://ensembleregards.com/en/ensemble/musicians/clement-carpentier/" title="Clément Carpentier">Read More</a></div>
