{"id":682,"date":"2015-01-29T12:38:35","date_gmt":"2015-01-29T12:38:35","guid":{"rendered":"http:\/\/ensembleregards.com\/?page_id=682"},"modified":"2015-02-03T22:10:45","modified_gmt":"2015-02-03T22:10:45","slug":"juliette-adam","status":"publish","type":"page","link":"https:\/\/ensembleregards.com\/en\/ensemble\/musicians\/juliette-adam\/","title":{"rendered":"Juliette Adam"},"content":{"rendered":"<p><a href=\"https:\/\/ensembleregards.com\/wp-content\/uploads\/2015\/01\/Juliette-adam.jpg\"><img loading=\"lazy\" class=\"alignleft size-medium wp-image-727\" src=\"https:\/\/ensembleregards.com\/wp-content\/uploads\/2015\/01\/Juliette-adam-202x300.jpg\" alt=\"Juliette-adam\" width=\"202\" height=\"300\" srcset=\"https:\/\/ensembleregards.com\/wp-content\/uploads\/2015\/01\/Juliette-adam-202x300.jpg 202w, https:\/\/ensembleregards.com\/wp-content\/uploads\/2015\/01\/Juliette-adam-100x148.jpg 100w, https:\/\/ensembleregards.com\/wp-content\/uploads\/2015\/01\/Juliette-adam-150x222.jpg 150w, https:\/\/ensembleregards.com\/wp-content\/uploads\/2015\/01\/Juliette-adam-200x296.jpg 200w, https:\/\/ensembleregards.com\/wp-content\/uploads\/2015\/01\/Juliette-adam.jpg 287w\" sizes=\"(max-width: 202px) 100vw, 202px\" \/><\/a>N\u00e9e en 1992, Juliette Adam commence la musique au conservatoire de Reims, puis poursuit son parcours musical certifi\u00e9 d\u2019un DEM (dipl\u00f4me d\u2019\u00e9tudes musicales) \u00e0 Paris. Admise au CNSM de Paris (conservatoire national sup\u00e9rieur de musique) en 2013, elle est actuellement en classe de clarinette avec Philippe Berrod et Arnaud Leroy et en clarinette basse avec Alain Billard.<\/p>\n<p>Passionn\u00e9e par la musique de chambre, Juliette Adam s\u2019est rapidement int\u00e9ress\u00e9e au r\u00e9pertoire du trio d\u2019anches, elle obtient ainsi avec son ensemble le prix Jeunes Talents aux Fl\u00e2neries Musicales de Reims en 2011, et se produit dans le cadre du festival. Juliette s\u2019investit dans de nombreuses formations. Elle se produit en sonate avec piano, dans des s\u00e9r\u00e9nades pour vents, en quintette \u00e0 vents, mais aussi avec quatuor \u00e0 cordes, comme le quintette de Mozart aux concerts Jeunes Talents.<\/p>\n<p>Juliette Adam collabore aussi dans des orchestres sur Paris, comme l\u2019orchestre Pasdeloup avec lequel elle a jou\u00e9 \u00e0 Pleyel, au Ch\u00e2telet, ou bien l\u2019orchestre de musique de film le SPO (sinfonia pop orchestra), notamment dans un concert pour Pixar au Palais des congr\u00e8s. Elle collabore aussi avec l&#8217;ensemble contemporain \u00ab\u00a0regards\u00a0\u00bb.<\/p>\n<p>Juliette participe \u00e0 plusieurs projets transdisciplinaires aussi bien avec des danseurs qu\u2019avec des circassiens. Elle est actuellement en tourn\u00e9e avec le spectacle de la compagnie par terre \u00ab\u00a0bal.exe\u00a0\u00bb, danse hip-hop sur le quintette avec clarinette de Brahms.<\/p>\n<p>Elle reste ouverte sur d\u2019autres styles musicaux, elle suit actuellement les cours d\u2019improvisation g\u00e9n\u00e9rative et de th\u00e9\u00e2tre instrumental au conservatoire, et fait partie d\u2019un groupe de musique des Balkans et de musique klezmer depuis 2010 sur Reims.<\/p>\n<p>La musique est pour Juliette un partage, d&#8217;o\u00f9 son investissement en musique de chambre et en orchestre, mais c\u2019est aussi pour elle un moyen de communication qui peut entrer en communion avec d\u2019autres arts, d\u2019o\u00f9 son int\u00e9r\u00eat pour les projets transdisciplinaires.<\/p>","protected":false},"excerpt":{"rendered":"<p>N\u00e9e en 1992, Juliette Adam commence la musique au conservatoire de Reims, puis poursuit son parcours musical certifi\u00e9 d\u2019un DEM (dipl\u00f4me d\u2019\u00e9tudes musicales) \u00e0 Paris. Admise au CNSM de Paris (conservatoire national sup\u00e9rieur de musique) en 2013, elle est actuellement en classe de clarinette avec Philippe Berrod et Arnaud Leroy et en clarinette basse avec<\/p>\n<div><a class=\"btn-filled btn\" href=\"https:\/\/ensembleregards.com\/en\/ensemble\/musicians\/juliette-adam\/\" title=\"Juliette Adam\">Read More<\/a><\/div>\n","protected":false},"author":5,"featured_media":0,"parent":34,"menu_order":4,"comment_status":"closed","ping_status":"closed","template":"","meta":{"om_disable_all_campaigns":false,"_monsterinsights_skip_tracking":false,"_monsterinsights_sitenote_active":false,"_monsterinsights_sitenote_note":"","_monsterinsights_sitenote_category":0},"aioseo_notices":[],"_links":{"self":[{"href":"https:\/\/ensembleregards.com\/en\/wp-json\/wp\/v2\/pages\/682"}],"collection":[{"href":"https:\/\/ensembleregards.com\/en\/wp-json\/wp\/v2\/pages"}],"about":[{"href":"https:\/\/ensembleregards.com\/en\/wp-json\/wp\/v2\/types\/page"}],"author":[{"embeddable":true,"href":"https:\/\/ensembleregards.com\/en\/wp-json\/wp\/v2\/users\/5"}],"replies":[{"embeddable":true,"href":"https:\/\/ensembleregards.com\/en\/wp-json\/wp\/v2\/comments?post=682"}],"version-history":[{"count":3,"href":"https:\/\/ensembleregards.com\/en\/wp-json\/wp\/v2\/pages\/682\/revisions"}],"predecessor-version":[{"id":729,"href":"https:\/\/ensembleregards.com\/en\/wp-json\/wp\/v2\/pages\/682\/revisions\/729"}],"up":[{"embeddable":true,"href":"https:\/\/ensembleregards.com\/en\/wp-json\/wp\/v2\/pages\/34"}],"wp:attachment":[{"href":"https:\/\/ensembleregards.com\/en\/wp-json\/wp\/v2\/media?parent=682"}],"curies":[{"name":"wp","href":"https:\/\/api.w.org\/{rel}","templated":true}]}}

<p><a href="https://ensembleregards.com/wp-content/uploads/2015/01/Juliette-adam.jpg"><img loading="lazy" class="alignleft size-medium wp-image-727" src="https://ensembleregards.com/wp-content/uploads/2015/01/Juliette-adam-202x300.jpg" alt="Juliette-adam" width="202" height="300" srcset="https://ensembleregards.com/wp-content/uploads/2015/01/Juliette-adam-202x300.jpg 202w, https://ensembleregards.com/wp-content/uploads/2015/01/Juliette-adam-100x148.jpg 100w, https://ensembleregards.com/wp-content/uploads/2015/01/Juliette-adam-150x222.jpg 150w, https://ensembleregards.com/wp-content/uploads/2015/01/Juliette-adam-200x296.jpg 200w, https://ensembleregards.com/wp-content/uploads/2015/01/Juliette-adam.jpg 287w" sizes="(max-width: 202px) 100vw, 202px" /></a>Née en 1992, Juliette Adam commence la musique au conservatoire de Reims, puis poursuit son parcours musical certifié d’un DEM (diplôme d’études musicales) à Paris. Admise au CNSM de Paris (conservatoire national supérieur de musique) en 2013, elle est actuellement en classe de clarinette avec Philippe Berrod et Arnaud Leroy et en clarinette basse avec Alain Billard.</p>
<p>Passionnée par la musique de chambre, Juliette Adam s’est rapidement intéressée au répertoire du trio d’anches, elle obtient ainsi avec son ensemble le prix Jeunes Talents aux Flâneries Musicales de Reims en 2011, et se produit dans le cadre du festival. Juliette s’investit dans de nombreuses formations. Elle se produit en sonate avec piano, dans des sérénades pour vents, en quintette à vents, mais aussi avec quatuor à cordes, comme le quintette de Mozart aux concerts Jeunes Talents.</p>
<p>Juliette Adam collabore aussi dans des orchestres sur Paris, comme l’orchestre Pasdeloup avec lequel elle a joué à Pleyel, au Châtelet, ou bien l’orchestre de musique de film le SPO (sinfonia pop orchestra), notamment dans un concert pour Pixar au Palais des congrès. Elle collabore aussi avec l&#8217;ensemble contemporain « regards ».</p>
<p>Juliette participe à plusieurs projets transdisciplinaires aussi bien avec des danseurs qu’avec des circassiens. Elle est actuellement en tournée avec le spectacle de la compagnie par terre « bal.exe », danse hip-hop sur le quintette avec clarinette de Brahms.</p>
<p>Elle reste ouverte sur d’autres styles musicaux, elle suit actuellement les cours d’improvisation générative et de théâtre instrumental au conservatoire, et fait partie d’un groupe de musique des Balkans et de musique klezmer depuis 2010 sur Reims.</p>
<p>La musique est pour Juliette un partage, d&#8217;où son investissement en musique de chambre et en orchestre, mais c’est aussi pour elle un moyen de communication qui peut entrer en communion avec d’autres arts, d’où son intérêt pour les projets transdisciplinaires.</p>

<p>Née en 1992, Juliette Adam commence la musique au conservatoire de Reims, puis poursuit son parcours musical certifié d’un DEM (diplôme d’études musicales) à Paris. Admise au CNSM de Paris (conservatoire national supérieur de musique) en 2013, elle est actuellement en classe de clarinette avec Philippe Berrod et Arnaud Leroy et en clarinette basse avec</p>
<div><a class="btn-filled btn" href="https://ensembleregards.com/en/ensemble/musicians/juliette-adam/" title="Juliette Adam">Read More</a></div>
